-12).
32
Let j(u) = 12*u**2 - 311*u - 27. What is j(26)?
-1
Let t(f) = -98*f + 4439. Determine t(43).
225
Let b(p) = -p**2 - 32*p - 215. What is b(-22)?
5
Let f(j) = -j + 21. What is f(25)?
-4
Let w(v) = -780*v**2 + 4680*v - 10. Calculate w(6).
-10
Let p(x) = -x**2 - 44*x - 387. Give p(-27).
72
Let c(a) = -72*a + 10535. Calculate c(146).
23
Let v(c) = -71*c + 153. Give v(2).
11
Let u(q) = q**2 + 526*q - 11486. Calculate u(21).
1
Let k(i) = -20*i**2 - 72*i + 36. Determine k(-4).
4
Let q(i) = -7*i**3 + 183*i**2 - 30*i + 81. Determine q(26).
-23
Let b(i) = 28*i**3 + 99*i**2 - 51*i - 4. Calculate b(-4).
-8
Let p(g) = g**2 - 248*g + 4365. Give p(19).
14
Let g(v) = -v**2 - 35*v + 447. What is g(10)?
-3
Let l(x) = 19*x - 669. What is l(37)?
34
Let w(x) = 21*x**2 + 9*x - 24. Determine w(2).
78
Let o(c) = 72*c - 2671. Calculate o(37).
-7
Let o(q) = -539*q + 2857. Give o(5).
162
Let s(q) = -q**3 + 24*q**2 + 22*q + 786. Determine s(26).
6
Let z(m) = 192*m - 1492. Determine z(8).
44
Let d(i) = 3*i - 97. Calculate d(-16).
-145
Let f(t) = 68*t + 476. Calculate f(-6).
68
Let o(z) = -3*z**2 - 116*z + 1126. Calculate o(8).
6
Let r(t) = 15*t**2 + 250*t - 190. Determine r(-18).
170
Let d(b) = 164*b - 2137. Give d(13).
-5
Let x(r) = r**3 - 71*r**2 + 215*r - 786. Give x(68).
-38
Let v(s) = -23*s - 634. Calculate v(-29).
33
Let b(g) = 2*g**3 + 93*g**2 + 42*g + 114. Give b(-46).
298
Let w(b) = -7*b - 229. What is w(-27)?
-40
Let w(x) = -14*x**3 - 152*x**2 + 17*x - 64. Determine w(-11).
-9
Let g(t) = t**3 + 8*t**2 + 18*t + 11. Determine g(-5).
-4
Let b(d) = -2*d**3 - 230*d**2 - 453*d - 116. What is b(-113)?
-3
Let i(l) = -l**2 - 45*l - 241. What is i(-39)?
-7
Let n(d) = d**3 - 38*d**2 - 41*d + 47. Determine n(39).
-31
Let x(k) = -k**3 + 24*k**2 - 34*k + 255. Determine x(23).
2
Let s(h) = -2*h**3 + 101*h**2 + 160*h - 204. Give s(52).
4
Let g(u) = -1450*u - 100052. Give g(-69).
-2
Let t(g) = -11*g**3 + 1792*g**2 + 155*g + 1309. What is t(163)?
5
Let w(a) = 18*a + 195. Determine w(22).
591
Let n(f) = 37*f + 97. Determine n(-2).
23
Let h(c) = 16*c**2 - c - 269. What is h(-4)?
-9
Let v(k) = -4*k + 151. Calculate v(32).
23
Let l(g) = 6*g**3 - 47*g**2 - 51*g + 339. What is l(8)?
-5
Let q(u) = -u**3 - 28*u**2 + 54*u - 177. What is q(-30)?
3
Let p(l) = 2*l**3 + 57*l**2 + 29*l + 65. Determine p(-28).
37
Let i(t) = -2*t**2 + 50*t + 147. Give i(26).
95
Let b(o) = -3827*o - 49758. Give b(-13).
-7
Let c(h) = 9*h - 437. What is c(53)?
40
Let i(d) = 4717*d + 14172. What is i(-3)?
21
Let k(o) = -3*o**2 + 32*o + 300. Calculate k(-6).
0
Let w(b) = -176*b + 2989. Calculate w(17).
-3
Let g(z) = -z**2 - 11*z + 8. Give g(-22).
-234
Let h(q) = 2*q**3 + 4*q**2 + 2*q - 1. What is h(2)?
35
Let a(h) = h - 33. Give a(49).
16
Let q(d) = 152*d**2 + 113*d + 4. Calculate q(-3).
1033
Let a(n) = -n**3 - 164*n**2 + 503*n + 345. What is a(-167)?
11
Let b(n) = -n**2 - 27*n + 223. Determine b(16).
-465
Let q(x) = 3*x**3 + 319*x**2 + 111*x + 531. Determine q(-106).
1
Let h(x) = 33*x**2 - 97*x + 7. Determine h(4).
147
Let b(o) = 24*o + 678. What is b(-29)?
-18
Let p(s) = -s**3 + 11*s**2 + 7*s - 4. Calculate p(11).
73
Let s(t) = 52*t + 3013. Calculate s(-58).
-3
Let m(z) = -16*z**2 - 127*z - 88. Give m(-7).
17
Let f(z) = -2*z**3 + 7*z**2 + 3*z - 5. Determine f(-2).
33
Let p(o) = 2*o**3 + 27*o**2 + 26*o + 35. Give p(-12).
155
Let t(i) = -i**3 + 64*i**2 + 200*i + 80. Determine t(67).
13
Let c(j) = -2*j**3 + 55*j**2 - 125*j + 77. Calculate c(25).
77
Let s(t) = -28*t + 587. What is s(21)?
-1
Let t(w) = w**2 - 44*w + 132. Determine t(18).
-336
Let x(n) = -n**3 + 6*n**2 + 44*n + 7. Give x(10).
47
Let n(v) = 2*v**2 + 40*v - 231. Give n(-24).
-39
Let k(y) = 1467*y + 2958. What is k(-2)?
24
Let p(x) = x**3 - 47*x**2 + 539*x + 69. What is p(27)?
42
Let k(g) = 184*g + 236. Determine k(-2).
-132
Let n(o) = 93*o**2 + 6*o - 21. What is n(-2)?
339
Let s(g) = -g**3 + 72*g**2 + 73*g + 5. Give s(73).
5
Let y(p) = -131*p + 11. Calculate y(2).
-251
Let t(y) = -592*y + 1192. What is t(2)?
8
Let y(u) = -u**2 + 33*u + 322. Give y(41).
-6
Let k(m) = -18*m**3 - 197*m**2 + 20*m + 14. Calculate k(-11).
-85
Let y(r) = -r**2 - 72*r + 439. Give y(6).
-29
Let a(r) = r**2 - 17*r - 442. Give a(-17).
136
Let i(z) = 9*z**2 - 213*z + 73. Give i(23).
-65
Let m(u) = -34*u**2 - 2957*u + 85. Determine m(-87).
-2
Let a(r) = -131*r - 581. Determine a(-4).
-57
Let w(l) = 52*l + 668. What is w(-13)?
-8
Let w(f) = -13*f + 327. Determine w(17).
106
Let s(f) = 1013*f - 93187. Calculate s(92).
9
Let o(n) = -158*n - 671. Give o(-4).
-39
Let b(i) = 873*i + 6945. Calculate b(-8).
-39
Let x(r) = 26*r + 153. Determine x(-21).
-393
Let y(n) = 27*n - 111. Determine y(6).
51
Let i(b) = 4*b**3 - 7*b**2 - b - 3. What is i(2)?
-1
Let k(v) = -3*v**2 - 245*v - 4214. Calculate k(-57).
4
Let t(r) = -3*r + 41. Give t(-48).
185
Let z(o) = 4346*o + 17371. Calculate z(-4).
-13
Let q(x) = x**3 - 14*x - 28. Give q(-4).
-36
Let p(d) = 31*d - 753. Determine p(24).
-9
Let c(j) = -j**3 - 20*j**2 + 7*j + 11. Calculate c(-20).
-129
Let h(j) = j**3 + 29*j**2 + 74*j - 12. Calculate h(-26).
92
Let z(x) = 52*x + 4431. Calculate z(-85).
11
Let i(q) = -20*q - 1837. Calculate i(-95).
63
Let q(k) = 77*k - 1287. What is q(18)?
99
Let u(l) = -3*l**2 + 46*l - 25. Give u(12).
95
Let j(p) = p**3 - 28*p**2 - 64*p + 113. Calculate j(30).
-7
Let m(h) = h**3 + 5*h**2 - 6*h + 8. Calculate m(-7).
-48
Let s(o) = 4*o**2 - 12*o - 9. Give s(2).
-17
Let d(r) = 5*r**2 - 42*r - 30. Give d(9).
-3
Let i(n) = 220*n - 2429. Determine i(11).
-9
Let j(a) = a**3 + 11*a**2 - 10*a - 122. Calculate j(-10).
78
Let z(m) = -2*m**3 + 13*m**2 - 14*m. Determine z(5).
5
Let x(i) = i**3 - 30*i**2 + 44*i + 322. Determine x(28).
-14
Let h(b) = 24*b - 1133. What is h(47)?
-5
Let a(t) = -44*t**2 - 14*t + 9. Give a(0).
9
Let n(s) = s**2 + 83*s - 2945. Determine n(27).
25
Let a(t) = t**2 + 39*t + 386. Determine a(-17).
12
Let g(i) = 14*i**2 + 232*i - 103. Determine g(-17).
-1
Let j(y) = -y**3 - 21*y**2 - 47*y - 99. Determine j(-19).
72
Let f(d) = 7*d**3 + d**2 + 3*d + 9. What is f(3)?
216
Let q(x) = -x**2 - 4*x - 3. Calculate q(-2).
1
Let k(a) = 6*a**3 - 772*a**2 - 252*a - 756. Calculate k(129).
18
Let u(m) = -m**3 - 5*m**2 + 70*m - 20. What is u(6)?
4
Let k(t) = -38*t + 138. Give k(1).
100
Let g(q) = 3*q**3 + 40*q**2 - 27*q - 41. What is g(-14)?
-55
Let g(l) = 48*l - 1468. Calculate g(46).
740
Let o(m) = m**2 - 39*m - 889. Calculate o(-16).
-9
Let f(z) = z**3 + 21*z**2 + 37*z - 22. Determine f(-19).
-3
Let c(y) = 2*y**3 - 52*y**2 - 56*y + 8. Determine c(27).
-46
Let u(q) = 99*q**2 - 7*q + 6. Give u(1).
98
Let a(r) = -33*r + 69. Calculate a(2).
3
Let w(z) = 24*z + 487. Calculate w(-21).
-17
Let x(d) = 2*d**2 + 12*d + 32. Determine x(-6).
32
Let x(f) = 2*f**3 - 410*f**2 - 402*f - 2065. What is x(206)?
-5
Let b(i) = -100*i - 141. Determine b(-3).
159
Let w(k) = k**2 + 57*k - 288. What is w(-62)?
22
Let f(g) = 2*g**3 - 40*g**2 - 79*g + 778. What is f(21)?
1
Let y(v) = 29876*v - 179266. What is y(6)?
-10
Let p(f) = -f**3 - 2*f**2 + 11*f - 42. Give p(0).
-42
Let s(p) = -38*p**2 - 189*p - 12. Determine s(-5).
-17
Let b(m) = -m**3 + 12*m**2 - 12*m - 3. Calculate b(7).
158
Let g(w) = 7*w**2 - 212*w - 191. Calculate g(31).
-36
Let f(n) = 11*n**2 - 31*n - 1. Give f(3).
5
Let p(i) = -i**3 + 5*i**2 + 86*i - 426. Calculate p(5).
4
Let m(r) = r**3 - 434*r**2 - 18449*r + 952. Calculate m(473).
6
Let v(g) = 9*g - 64. Calculate v(3).
-37
Let g(c) = 2*c**3 + 108*c**2 + 3*c + 192. Calculate g(-54).
30
Let y(v) = 10*v**2 - 1308*v - 278. Give y(131).
-16
Let l(o) = -8*o**3 + 14*o - 15. Determine l(1).
-9
Let n(q) = 2*q + 29. What is n(-6)?
17
Let f(c) = 6*c**3 - 106*c**2 - 39*c + 53. Determine f(18).
-1
Let c(w) = 2*w**2 + 52*w - 1369. What is c(16)?
-25
Let f(b) = 879*b + 18470. Calculate f(-21).
11
Let t(v) = -v**2 + 26*v + 169. Calculate t(-6).
-23
Let o(u) = -u**3 + 9*u**2 - u + 143. Calculate o(8).
199
Let q(a) = a**3 - 42*a**2 + a - 38. Determine q(42).
4
Let k(l) = -l**2 + 3*l + 9. Calculate k(-7).
-61
Let c(l) = -l**3 + 168*l**2 + 173*l - 815. What is c(169)?
-139
Let v(g) = -5*g**2 - 23*g + 7. Determine v(-8).
-129
Let y(o) = 9*o**3 - 208*o**2 + 24*o - 23. Determine y(23).
0
Let v(q) = -q**3 + 15*q**2 + 15*q - 10. Determine v(6).
404
Let